{"id":223,"date":"2017-10-08T16:40:11","date_gmt":"2017-10-08T16:40:11","guid":{"rendered":"http:\/\/www.visualcounter.com\/web\/?page_id=223"},"modified":"2019-02-13T09:02:42","modified_gmt":"2019-02-13T09:02:42","slug":"ingenieria","status":"publish","type":"page","link":"https:\/\/www.visualcounter.com\/web\/soluciones\/ingenieria\/","title":{"rendered":"INGENIERIA"},"content":{"rendered":"[vc_row css_animation=&#8221;&#8221; row_type=&#8221;row&#8221; use_row_as_full_screen_section=&#8221;no&#8221; type=&#8221;full_width&#8221; angled_section=&#8221;no&#8221; text_align=&#8221;left&#8221; background_image=&#8221;2180&#8243; background_image_as_pattern=&#8221;without_pattern&#8221; el_class=&#8221;section_header&#8221;][vc_column][vc_column_text]Ingenieria[\/vc_column_text][vc_column_text]\n<h1>Integraci\u00f3n de datos y sistemas adaptados a cada cliente<br \/>\nConsultor\u00eda t\u00e9cnica especializada<\/h1>\n[\/vc_column_text][\/vc_column][\/vc_row][vc_row css_animation=&#8221;&#8221; row_type=&#8221;row&#8221; use_row_as_full_screen_section=&#8221;no&#8221; type=&#8221;full_width&#8221; angled_section=&#8221;no&#8221; text_align=&#8221;left&#8221; background_image_as_pattern=&#8221;without_pattern&#8221; background_color=&#8221;#ffffff&#8221; el_class=&#8221;section_2column_text&#8221;][vc_column el_class=&#8221;section_subtitle_title_text section_subtitle_title_text_fondosection_title&#8221;][vc_column_text el_class=&#8221;section_subtitle_title_text-title&#8221;]\n<h1 style=\"text-align: center;\">Integraci\u00f3n de datos a medida<\/h1>\n[\/vc_column_text][vc_empty_space height=&#8221;40&#8243;][vc_row_inner row_type=&#8221;row&#8221; type=&#8221;grid&#8221; text_align=&#8221;left&#8221; css_animation=&#8221;&#8221;][vc_column_inner width=&#8221;1\/2&#8243;][vc_empty_space height=&#8221;40&#8243;][vc_column_text]Existen clientes con muy diferentes perfiles y estructuras corporativas, que disponen de sus propios &#8216;universos de datos&#8217; a partir de los cuales analizan los diferentes &#8216;ratios&#8217; y evoluciones de los mismos, facilitando la gesti\u00f3n de sus negocios<\/p>\n<p>VisualCounter pone a su disposici\u00f3n las herramientas de integraci\u00f3n necesarias para que los <strong>datos de afluencia<\/strong> ofrecidos por nuestros dispositivos se conviertan en &#8216;<strong>know-how&#8217; nativo para su empresa<\/strong>[\/vc_column_text][vc_empty_space height=&#8221;50&#8243;][vc_single_image image=&#8221;2183&#8243; img_size=&#8221;full&#8221; alignment=&#8221;center&#8221; qode_css_animation=&#8221;&#8221;][\/vc_column_inner][vc_column_inner width=&#8221;1\/2&#8243;][vc_single_image image=&#8221;2182&#8243; img_size=&#8221;full&#8221; alignment=&#8221;center&#8221; qode_css_animation=&#8221;&#8221;][vc_empty_space height=&#8221;90&#8243;][vc_column_text]Nuestro rol de empresa de <strong>ingenier\u00eda electr\u00f3nica<\/strong>, nos permite dise\u00f1ar, fabricar y mantener nuestros dispositivos, es decir, gestionar de manera completa el ciclo de vida del producto<\/p>\n<p>Desde el completo conocimiento de nuestra plataforma electr\u00f3nica, podemos realizar en la misma las adaptaciones necesarias para la <strong>integraci\u00f3n &#8216;hardware&#8217;<\/strong> de nuestros dispositivos con la arquitectura espec\u00edfica del cliente, o incluso la conexi\u00f3n externa (entradas\/salidas digitales) a sensores o fuentes de informaci\u00f3n de valor a\u00f1adido[\/vc_column_text][\/vc_column_inner][\/vc_row_inner][\/vc_column][\/vc_row][vc_row css_animation=&#8221;&#8221; row_type=&#8221;row&#8221; use_row_as_full_screen_section=&#8221;no&#8221; type=&#8221;grid&#8221; angled_section=&#8221;no&#8221; text_align=&#8221;left&#8221; background_image=&#8221;2184&#8243; background_image_as_pattern=&#8221;without_pattern&#8221; el_class=&#8221;section_subtitle_title_text section_subtitle_title_text_fondo&#8221;][vc_column][vc_column_text el_class=&#8221;section_subtitle_title_text-title&#8221;]\n<h1>Consultoria t\u00e9cnica especializada<\/h1>\n[\/vc_column_text][vc_column_text el_class=&#8221;section_subtitle_title_text-text&#8221;]VisualCounter pone a disposici\u00f3n de sus clientes el servicio de consultor\u00eda necesario para analizar e implantar nuevas funcionalidades o integraciones con sistemas inform\u00e1ticos de terceros en cualquier nuevo proyecto relacionado con soluciones de control de afluencia<\/p>\n<p>Es necesario destacar que VisualCounter\u00a0pretende que sus clientes obtengan el m\u00e1ximo rendimiento de la soluci\u00f3n y los servicios ofertados. Nuestra experiencia en el sector se pone en juego para extraer todas las potencialidades de informaci\u00f3n y decisi\u00f3n sobre los procesos del negocio que se apoyan en esta herramienta[\/vc_column_text]<a  itemprop=\"url\" href=\"http:\/\/www.visualcounter.com\/web\/contacto\/\" target=\"_self\"  class=\"qbutton  small white default\" style=\"\">Contacto<\/a>[\/vc_column][\/vc_row][vc_row css_animation=&#8221;&#8221; row_type=&#8221;row&#8221; use_row_as_full_screen_section=&#8221;no&#8221; type=&#8221;full_width&#8221; angled_section=&#8221;no&#8221; text_align=&#8221;left&#8221; background_image_as_pattern=&#8221;without_pattern&#8221;][vc_column][vc_empty_space height=&#8221;50&#8243;][\/vc_column][\/vc_row][vc_column][\/vc_column]\n","protected":false},"excerpt":{"rendered":"<p>[vc_row css_animation=&#8221;&#8221; row_type=&#8221;row&#8221; use_row_as_full_screen_section=&#8221;no&#8221; type=&#8221;full_width&#8221; angled_section=&#8221;no&#8221; text_align=&#8221;left&#8221; background_image=&#8221;2180&#8243; background_image_as_pattern=&#8221;without_pattern&#8221; el_class=&#8221;section_header&#8221;][vc_column][vc_column_text]Ingenieria[\/vc_column_text][vc_column_text] Integraci\u00f3n de datos y sistemas adaptados a cada cliente Consultor\u00eda t\u00e9cnica especializada [\/vc_column_text][\/vc_column][\/vc_row][vc_row css_animation=&#8221;&#8221; row_type=&#8221;row&#8221; use_row_as_full_screen_section=&#8221;no&#8221; type=&#8221;full_width&#8221; angled_section=&#8221;no&#8221; text_align=&#8221;left&#8221; background_image_as_pattern=&#8221;without_pattern&#8221; background_color=&#8221;#ffffff&#8221; el_class=&#8221;section_2column_text&#8221;][vc_column el_class=&#8221;section_subtitle_title_text section_subtitle_title_text_fondosection_title&#8221;][vc_column_text el_class=&#8221;section_subtitle_title_text-title&#8221;] Integraci\u00f3n de datos a medida [\/vc_column_text][vc_empty_space height=&#8221;40&#8243;][vc_row_inner row_type=&#8221;row&#8221; type=&#8221;grid&#8221; text_align=&#8221;left&#8221;&#8230;<\/p>\n","protected":false},"author":1,"featured_media":0,"parent":198,"menu_order":0,"comment_status":"closed","ping_status":"closed","template":"full_width.php","meta":{"inline_featured_image":false,"_monsterinsights_skip_tracking":false,"_monsterinsights_sitenote_active":false,"_monsterinsights_sitenote_note":"","_monsterinsights_sitenote_category":0,"footnotes":""},"class_list":["post-223","page","type-page","status-publish","hentry"],"yoast_head":"<!-- This site is optimized with the Yoast SEO plugin v23.7 - https:\/\/yoast.com\/wordpress\/plugins\/seo\/ -->\n<title>INGENIERIA - Visual Counter<\/title>\n<meta name=\"robots\" content=\"index, follow, max-snippet:-1, max-image-preview:large, max-video-preview:-1\" \/>\n<link rel=\"canonical\" href=\"https:\/\/www.visualcounter.com\/web\/soluciones\/ingenieria\/\" \/>\n<meta property=\"og:locale\" content=\"es_ES\" \/>\n<meta property=\"og:type\" content=\"article\" \/>\n<meta property=\"og:title\" content=\"INGENIERIA - Visual Counter\" \/>\n<meta property=\"og:description\" content=\"[vc_row css_animation=&#8221;&#8221; row_type=&#8221;row&#8221; use_row_as_full_screen_section=&#8221;no&#8221; type=&#8221;full_width&#8221; angled_section=&#8221;no&#8221; text_align=&#8221;left&#8221; background_image=&#8221;2180&#8243; background_image_as_pattern=&#8221;without_pattern&#8221; el_class=&#8221;section_header&#8221;][vc_column][vc_column_text]Ingenieria[\/vc_column_text][vc_column_text] Integraci\u00f3n de datos y sistemas adaptados a cada cliente Consultor\u00eda t\u00e9cnica especializada [\/vc_column_text][\/vc_column][\/vc_row][vc_row css_animation=&#8221;&#8221; row_type=&#8221;row&#8221; use_row_as_full_screen_section=&#8221;no&#8221; type=&#8221;full_width&#8221; angled_section=&#8221;no&#8221; text_align=&#8221;left&#8221; background_image_as_pattern=&#8221;without_pattern&#8221; background_color=&#8221;#ffffff&#8221; el_class=&#8221;section_2column_text&#8221;][vc_column el_class=&#8221;section_subtitle_title_text section_subtitle_title_text_fondosection_title&#8221;][vc_column_text el_class=&#8221;section_subtitle_title_text-title&#8221;] Integraci\u00f3n de datos a medida [\/vc_column_text][vc_empty_space height=&#8221;40&#8243;][vc_row_inner row_type=&#8221;row&#8221; type=&#8221;grid&#8221; text_align=&#8221;left&#8221;...\" \/>\n<meta property=\"og:url\" content=\"https:\/\/www.visualcounter.com\/web\/soluciones\/ingenieria\/\" \/>\n<meta property=\"og:site_name\" content=\"Visual Counter\" \/>\n<meta property=\"article:modified_time\" content=\"2019-02-13T09:02:42+00:00\" \/>\n<meta name=\"twitter:card\" content=\"summary_large_image\" \/>\n<meta name=\"twitter:label1\" content=\"Tiempo de lectura\" \/>\n\t<meta name=\"twitter:data1\" content=\"3 minutos\" \/>\n<script type=\"application\/ld+json\" class=\"yoast-schema-graph\">{\"@context\":\"https:\/\/schema.org\",\"@graph\":[{\"@type\":\"WebPage\",\"@id\":\"https:\/\/www.visualcounter.com\/web\/soluciones\/ingenieria\/\",\"url\":\"https:\/\/www.visualcounter.com\/web\/soluciones\/ingenieria\/\",\"name\":\"INGENIERIA - Visual Counter\",\"isPartOf\":{\"@id\":\"https:\/\/www.visualcounter.com\/web\/#website\"},\"datePublished\":\"2017-10-08T16:40:11+00:00\",\"dateModified\":\"2019-02-13T09:02:42+00:00\",\"breadcrumb\":{\"@id\":\"https:\/\/www.visualcounter.com\/web\/soluciones\/ingenieria\/#breadcrumb\"},\"inLanguage\":\"es\",\"potentialAction\":[{\"@type\":\"ReadAction\",\"target\":[\"https:\/\/www.visualcounter.com\/web\/soluciones\/ingenieria\/\"]}]},{\"@type\":\"BreadcrumbList\",\"@id\":\"https:\/\/www.visualcounter.com\/web\/soluciones\/ingenieria\/#breadcrumb\",\"itemListElement\":[{\"@type\":\"ListItem\",\"position\":1,\"name\":\"Portada\",\"item\":\"https:\/\/www.visualcounter.com\/web\/\"},{\"@type\":\"ListItem\",\"position\":2,\"name\":\"Soluciones\",\"item\":\"https:\/\/www.visualcounter.com\/web\/soluciones\/\"},{\"@type\":\"ListItem\",\"position\":3,\"name\":\"INGENIERIA\"}]},{\"@type\":\"WebSite\",\"@id\":\"https:\/\/www.visualcounter.com\/web\/#website\",\"url\":\"https:\/\/www.visualcounter.com\/web\/\",\"name\":\"Visual Counter\",\"description\":\"Soluciones para el conteo de personas \/ pasajeros y otras soluciones innovadoras para el sectores tan dispares como el Retail, Centros Comerciales, Supermercados, Banca, aeropuertos, etc\",\"potentialAction\":[{\"@type\":\"SearchAction\",\"target\":{\"@type\":\"EntryPoint\",\"urlTemplate\":\"https:\/\/www.visualcounter.com\/web\/?s={search_term_string}\"},\"query-input\":{\"@type\":\"PropertyValueSpecification\",\"valueRequired\":true,\"valueName\":\"search_term_string\"}}],\"inLanguage\":\"es\"}]}<\/script>\n<!-- \/ Yoast SEO plugin. -->","yoast_head_json":{"title":"INGENIERIA - Visual Counter","robots":{"index":"index","follow":"follow","max-snippet":"max-snippet:-1","max-image-preview":"max-image-preview:large","max-video-preview":"max-video-preview:-1"},"canonical":"https:\/\/www.visualcounter.com\/web\/soluciones\/ingenieria\/","og_locale":"es_ES","og_type":"article","og_title":"INGENIERIA - Visual Counter","og_description":"[vc_row css_animation=&#8221;&#8221; row_type=&#8221;row&#8221; use_row_as_full_screen_section=&#8221;no&#8221; type=&#8221;full_width&#8221; angled_section=&#8221;no&#8221; text_align=&#8221;left&#8221; background_image=&#8221;2180&#8243; background_image_as_pattern=&#8221;without_pattern&#8221; el_class=&#8221;section_header&#8221;][vc_column][vc_column_text]Ingenieria[\/vc_column_text][vc_column_text] Integraci\u00f3n de datos y sistemas adaptados a cada cliente Consultor\u00eda t\u00e9cnica especializada [\/vc_column_text][\/vc_column][\/vc_row][vc_row css_animation=&#8221;&#8221; row_type=&#8221;row&#8221; use_row_as_full_screen_section=&#8221;no&#8221; type=&#8221;full_width&#8221; angled_section=&#8221;no&#8221; text_align=&#8221;left&#8221; background_image_as_pattern=&#8221;without_pattern&#8221; background_color=&#8221;#ffffff&#8221; el_class=&#8221;section_2column_text&#8221;][vc_column el_class=&#8221;section_subtitle_title_text section_subtitle_title_text_fondosection_title&#8221;][vc_column_text el_class=&#8221;section_subtitle_title_text-title&#8221;] Integraci\u00f3n de datos a medida [\/vc_column_text][vc_empty_space height=&#8221;40&#8243;][vc_row_inner row_type=&#8221;row&#8221; type=&#8221;grid&#8221; text_align=&#8221;left&#8221;...","og_url":"https:\/\/www.visualcounter.com\/web\/soluciones\/ingenieria\/","og_site_name":"Visual Counter","article_modified_time":"2019-02-13T09:02:42+00:00","twitter_card":"summary_large_image","twitter_misc":{"Tiempo de lectura":"3 minutos"},"schema":{"@context":"https:\/\/schema.org","@graph":[{"@type":"WebPage","@id":"https:\/\/www.visualcounter.com\/web\/soluciones\/ingenieria\/","url":"https:\/\/www.visualcounter.com\/web\/soluciones\/ingenieria\/","name":"INGENIERIA - Visual Counter","isPartOf":{"@id":"https:\/\/www.visualcounter.com\/web\/#website"},"datePublished":"2017-10-08T16:40:11+00:00","dateModified":"2019-02-13T09:02:42+00:00","breadcrumb":{"@id":"https:\/\/www.visualcounter.com\/web\/soluciones\/ingenieria\/#breadcrumb"},"inLanguage":"es","potentialAction":[{"@type":"ReadAction","target":["https:\/\/www.visualcounter.com\/web\/soluciones\/ingenieria\/"]}]},{"@type":"BreadcrumbList","@id":"https:\/\/www.visualcounter.com\/web\/soluciones\/ingenieria\/#breadcrumb","itemListElement":[{"@type":"ListItem","position":1,"name":"Portada","item":"https:\/\/www.visualcounter.com\/web\/"},{"@type":"ListItem","position":2,"name":"Soluciones","item":"https:\/\/www.visualcounter.com\/web\/soluciones\/"},{"@type":"ListItem","position":3,"name":"INGENIERIA"}]},{"@type":"WebSite","@id":"https:\/\/www.visualcounter.com\/web\/#website","url":"https:\/\/www.visualcounter.com\/web\/","name":"Visual Counter","description":"Soluciones para el conteo de personas \/ pasajeros y otras soluciones innovadoras para el sectores tan dispares como el Retail, Centros Comerciales, Supermercados, Banca, aeropuertos, etc","potentialAction":[{"@type":"SearchAction","target":{"@type":"EntryPoint","urlTemplate":"https:\/\/www.visualcounter.com\/web\/?s={search_term_string}"},"query-input":{"@type":"PropertyValueSpecification","valueRequired":true,"valueName":"search_term_string"}}],"inLanguage":"es"}]}},"_links":{"self":[{"href":"https:\/\/www.visualcounter.com\/web\/wp-json\/wp\/v2\/pages\/223"}],"collection":[{"href":"https:\/\/www.visualcounter.com\/web\/wp-json\/wp\/v2\/pages"}],"about":[{"href":"https:\/\/www.visualcounter.com\/web\/wp-json\/wp\/v2\/types\/page"}],"author":[{"embeddable":true,"href":"https:\/\/www.visualcounter.com\/web\/wp-json\/wp\/v2\/users\/1"}],"replies":[{"embeddable":true,"href":"https:\/\/www.visualcounter.com\/web\/wp-json\/wp\/v2\/comments?post=223"}],"version-history":[{"count":10,"href":"https:\/\/www.visualcounter.com\/web\/wp-json\/wp\/v2\/pages\/223\/revisions"}],"predecessor-version":[{"id":2196,"href":"https:\/\/www.visualcounter.com\/web\/wp-json\/wp\/v2\/pages\/223\/revisions\/2196"}],"up":[{"embeddable":true,"href":"https:\/\/www.visualcounter.com\/web\/wp-json\/wp\/v2\/pages\/198"}],"wp:attachment":[{"href":"https:\/\/www.visualcounter.com\/web\/wp-json\/wp\/v2\/media?parent=223"}],"curies":[{"name":"wp","href":"https:\/\/api.w.org\/{rel}","templated":true}]}}